ainder when 683758 is divided by 880.
878
What is the remainder when 31421 is divided by 469?
467
Calculate the remainder when 17856 is divided by 17243.
613
Calculate the remainder when 95717 is divided by 45.
2
Calculate the remainder when 50006 is divided by 49493.
513
What is the remainder when 5618 is divided by 60?
38
What is the remainder when 6692 is divided by 875?
567
Calculate the remainder when 38809 is divided by 84.
1
What is the remainder when 33066 is divided by 4088?
362
Calculate the remainder when 67964 is divided by 4852.
36
Calculate the remainder when 2915 is divided by 654.
299
What is the remainder when 94447 is divided by 1657?
1655
Calculate the remainder when 2558 is divided by 831.
65
Calculate the remainder when 21557 is divided by 7178.
23
Calculate the remainder when 80345 is divided by 2060.
5
Calculate the remainder when 252171 is divided by 106.
103
Calculate the remainder when 155864 is divided by 38962.
16
Calculate the remainder when 70387 is divided by 749.
730
Calculate the remainder when 47086 is divided by 3.
1
What is the remainder when 6295 is divided by 90?
85
What is the remainder when 4177 is divided by 1008?
145
Calculate the remainder when 673605 is divided by 221.
218
Calculate the remainder when 121984 is divided by 190.
4
Calculate the remainder when 3163 is divided by 68.
35
Calculate the remainder when 33678 is divided by 612.
18
Calculate the remainder when 2818 is divided by 1042.
734
Calculate the remainder when 498457 is divided by 166144.
25
Calculate the remainder when 83244 is divided by 27737.
33
Calculate the remainder when 466801 is divided by 4024.
17
Calculate the remainder when 71165 is divided by 647.
642
What is the remainder when 141343 is divided by 426?
337
What is the remainder when 50443 is divided by 177?
175
What is the remainder when 8579 is divided by 858?
857
What is the remainder when 56394 is divided by 116?
18
Calculate the remainder when 227810 is divided by 86.
82
What is the remainder when 213481 is divided by 43?
29
Calculate the remainder when 333491 is divided by 166739.
13
Calculate the remainder when 25872 is divided by 15.
12
What is the remainder when 35093 is divided by 5012?
9
Calculate the remainder when 7973 is divided by 61.
43
Calculate the remainder when 18126 is divided by 7.
3
Calculate the remainder when 1117411 is divided by 317.
303
What is the remainder when 731355 is divided by 104476?
23
Calculate the remainder when 1090 is divided by 772.
318
Calculate the remainder when 27409 is divided by 28.
25
Calculate the remainder when 8787 is divided by 164.
95
Calculate the remainder when 5590 is divided by 2452.
686
Calculate the remainder when 38481 is divided by 179.
175
Calculate the remainder when 63149 is divided by 17.
11
Calculate the remainder when 4170 is divided by 20.
10
Calculate the remainder when 8585 is divided by 207.
98
What is the remainder when 6167 is divided by 121?
117
Calculate the remainder when 908 is divided by 74.
20
Calculate the remainder when 342326 is divided by 23.
17
What is the remainder when 2890 is divided by 27?
1
What is the remainder when 245076 is divided by 72?
60
Calculate the remainder when 7616 is divided by 382.
358
Calculate the remainder when 26314 is divided by 92.
2
What is the remainder when 700180 is divided by 175041?
16
Calculate the remainder when 15713 is divided by 73.
18
What is the remainder when 2772 is divided by 1384?
4
What is the remainder when 8239 is divided by 206?
205
What is the remainder when 1004523 is divided by 124?
123
Calculate the remainder when 82034 is divided by 45.
44
What is the remainder when 8292 is divided by 829?
2
What is the remainder when 269617 is divided by 122?
119
What is the remainder when 938107 is divided by 25354?
9
What is the remainder when 5372 is divided by 862?
200
Calculate the remainder when 4591 is divided by 383.
378
Calculate the remainder when 31550 is divided by 227.
224
What is the remainder when 3238 is divided by 345?
133
Calculate the remainder when 69365 is divided by 184.
181
Calculate the remainder when 36671 is divided by 241.
39
What is the remainder when 816054 is divided by 33?
30
What is the remainder when 1580332 is divided by 187?
182
Calculate the remainder when 20199 is divided by 1066.
1011
Calculate the remainder when 10250 is divided by 90.
80
Calculate the remainder when 14228 is divided by 149.
73
What is the remainder when 51347 is divided by 2444?
23
Calculate the remainder when 3514 is divided by 722.
626
What is the remainder when 1595481 is divided by 1188?
1185
What is the remainder when 319083 is divided by 53178?
15
What is the remainder when 19871 is divided by 72?
71
Calculate the remainder when 111943 is divided by 51.
49
What is the remainder when 10683 is divided by 3090?
1413
Calculate the remainder when 2268 is divided by 383.
353
Calculate the remainder when 58860 is divided by 25.
10
Calculate the remainder when 1820 is divided by 246.
98
What is the remainder when 6345 is divided by 176?
9
What is the remainder when 1854 is divided by 292?
102
What is the remainder when 7614920 is divided by 1022?
1020
Calculate the remainder when 2467 is divided by 844.
779
What is the remainder when 322425 is divided by 388?
385
What is the remainder when 8813 is divided by 490?
483
Calculate the remainder when 477844 is divided by 724.
4
What is the remainder when 180941 is divided by 60267?
140
What is the remainder when 14827 is divided by 72?
67
What is the remainder when 1285810 is divided by 181?
167
What is the remainder when 879411 is divided by 5?
1
Calculate the remainder when 15185 is divided by 38.
23
Calculate the remainder when 1807 is divided by 325.
182
Calculate the remainder when 1862 is divided by 1838.
24
What is the remainder when 7504 is divided by 139?
137
Calculate the remainder when 121885 is divided by 3294.
7
What is the remainder when 51303 is divided by 287?
217
What is the remainder when 33824 is divided by 867?
11
What is the remainder when 3936 is divided by 164?
0
What is the remainder when 3581 is divided by 1645?
291
What is the remainder when 2307831 is divided by 18?
15
What is the remainder when 263952 is divided by 263938?
14
Calculate the remainder when 13827 is divided by 71.
53
Calculate the remainder when 76264 is divided by 47.
30
Calculate the remainder when 7336 is divided by 112.
56
What is the remainder when 197516 is divided by 71?
65
What is the remainder when 50445 is divided by 50437?
8
What is the remainder when 250114 is divided by 235?
74
What is the remainder when 3626 is divided by 3205?
421
What is the remainder when 140464 is divided by 97?
8
Calculate the remainder when 1817 is divided by 209.
145
What is the remainder when 13901 is divided by 293?
130
Calculate the remainder when 22557 is divided by 30.
27
What is the remainder when 99 is divided by 50?
49
What is the remainder when 32078 is divided by 345?
338
What is the remainder when 4271 is divided by 91?
85
Calculate the remainder when 132896 is divided by 936.
920
What is the remainder when 2163 is divided by 1073?
17
Calculate the remainder when 338791 is divided by 43.
37
Calculate the remainder when 36240 is divided by 3624.
0
What is the remainder when 26569 is divided by 8?
1
Calculate the remainder when 23581 is divided by 721.
509
Calculate the remainder when 2105 is divided by 2065.
40
Calculate the remainder when 475900 is divided by 16410.
10
What is the remainder when 11052 is divided by 11023?
29
What is the remainder when 10381 is divided by 169?
72
Calculate the remainder when 2910 is divided by 2893.
17
Calculate the remainder when 2653 is divided by 122.
91
What is the remainder when 1549832 is divided by 570?
2
What is the remainder when 425147 is divided by 73?
68
Calculate the remainder when 165318 is divided by 31.
26
What is the remainder when 2278 is divided by 263?
174
Calculate the remainder when 3636 is divided by 585.
126
Calculate the remainder when 117782 is divided by 288.
278
What is the remainder when 71107 is divided by 142?
107
What is the remainder when 10743 is divided by 953?
260
What is the remainder when 7292 is divided by 15?
2
Calculate the remainder when 